3448 and 106?
106
Calculate the highest common factor of 32810 and 68497630.
1930
What is the greatest common factor of 47791890 and 1080?
270
Calculate the highest common divisor of 3077012571 and 303.
303
Calculate the highest common factor of 2260 and 4281820.
20
What is the highest common factor of 21979 and 266584?
709
What is the highest common divisor of 2163 and 35098?
7
Calculate the greatest common factor of 52390 and 7219680.
1690
What is the greatest common divisor of 7429 and 67022092?
391
What is the greatest common factor of 72 and 3856720?
8
What is the highest common divisor of 6992406 and 9639?
1377
What is the greatest common factor of 326591 and 1767?
19
What is the highest common divisor of 631890 and 1008?
126
Calculate the highest common divisor of 45 and 30621648.
3
Calculate the highest common divisor of 22568 and 2139592.
728
What is the highest common divisor of 3075 and 2427897?
123
What is the greatest common factor of 9682 and 1841977?
47
Calculate the greatest common factor of 5585377 and 28.
7
What is the highest common factor of 189080 and 241048?
232
What is the highest common factor of 1609013 and 567611?
4691
Calculate the highest common divisor of 25633264 and 208.
16
What is the highest common divisor of 1452627 and 9636?
2409
What is the greatest common factor of 138 and 839844356?
46
What is the highest common divisor of 1980 and 221227380?
1980
What is the highest common divisor of 6560848 and 1344?
112
What is the highest common factor of 14223 and 23515360?
4741
What is the greatest common divisor of 107741016 and 3312?
1656
Calculate the greatest common divisor of 4851 and 25263.
63
Calculate the highest common factor of 325 and 137527.
13
What is the highest common divisor of 8190439 and 7375?
59
What is the highest common factor of 15792 and 99264?
2256
What is the greatest common factor of 488544664 and 8224?
2056
Calculate the greatest common factor of 518535 and 5511.
501
Calculate the highest common factor of 5789 and 9964523.
827
What is the greatest common factor of 13631 and 15265?
43
Calculate the greatest common factor of 8690998 and 3.
1
What is the highest common divisor of 139855 and 24651?
83
What is the highest common divisor of 3220 and 3886400?
140
Calculate the greatest common divisor of 51040556 and 588.
196
Calculate the highest common factor of 12628164 and 12.
12
Calculate the highest common factor of 31324 and 3321.
41
Calculate the greatest common divisor of 2701960 and 14632.
248
Calculate the highest common divisor of 232152 and 2754.
102
Calculate the greatest common factor of 16473 and 371127.
969
Calculate the greatest common factor of 1956870 and 2278.
34
Calculate the highest common factor of 408523 and 3509.
29
Calculate the highest common divisor of 6900 and 334926.
138
Calculate the highest common factor of 6 and 13070364.
6
What is the highest common factor of 933 and 107418?
3
Calculate the greatest common divisor of 24 and 344362408.
8
What is the greatest common factor of 3919712 and 1388?
1388
Calculate the highest common factor of 1769190 and 2040.
510
What is the greatest common divisor of 2162 and 148990?
94
Calculate the highest common factor of 63125083 and 31.
31
What is the greatest common divisor of 45 and 18603645?
15
What is the greatest common divisor of 1679073 and 68306?
697
What is the highest common divisor of 2578 and 158828002?
2578
What is the greatest common factor of 14208 and 931808?
1184
What is the highest common divisor of 122583 and 75?
3
Calculate the highest common divisor of 4146 and 12290126.
1382
What is the greatest common divisor of 38 and 34027841?
19
What is the highest common factor of 21 and 2456330079?
21
What is the greatest common factor of 16682412 and 333?
111
What is the highest common factor of 910 and 1748045?
65
What is the greatest common factor of 286817636 and 84?
28
Calculate the highest common divisor of 775927671 and 1317.
1317
Calculate the highest common factor of 70 and 1957083170.
70
Calculate the highest common divisor of 143961 and 527199.
141
Calculate the greatest common factor of 275 and 305716125.
275
What is the highest common divisor of 104584 and 38182?
34
What is the greatest common divisor of 6814040 and 344?
8
What is the greatest common divisor of 240 and 81667?
1
What is the greatest common factor of 9620 and 52560?
20
What is the greatest common factor of 191690 and 629933?
661
What is the highest common factor of 1734 and 1761250966?
578
Calculate the highest common factor of 122 and 40051502.
122
Calculate the greatest common factor of 19140004 and 26.
26
What is the highest common divisor of 208359 and 459?
27
What is the greatest common factor of 120 and 888904520?
40
Calculate the greatest common factor of 71696243 and 191.
191
Calculate the highest common divisor of 498 and 50934693.
249
What is the greatest common divisor of 26036370 and 270?
270
What is the highest common factor of 144832 and 3281496?
584
What is the greatest common divisor of 2550 and 57142950?
2550
What is the highest common divisor of 1334 and 8584957?
667
Calculate the greatest common factor of 50935 and 502945.
305
Calculate the highest common divisor of 505649770 and 474.
158
Calculate the highest common factor of 18760 and 12985.
35
Calculate the greatest common factor of 3259171 and 1714.
857
Calculate the highest common divisor of 101200 and 27544.
88
What is the highest common factor of 1533 and 60571?
7
What is the greatest common factor of 738926 and 530?
106
Calculate the greatest common factor of 92564 and 481727.
73
Calculate the highest common factor of 1311452191 and 14.
7
Calculate the highest common divisor of 40935427 and 2956.
739
Calculate the highest common factor of 25149445 and 1425.
95
Calculate the greatest common divisor of 1366775 and 50.
25
Calculate the highest common divisor of 644940 and 820.
20
What is the highest common divisor of 4343756 and 302666?
3326
Calculate the highest common divisor of 1519502950 and 994.
994
Calculate the greatest common divisor of 1805 and 2750098.
361
What is the highest common divisor of 2552813 and 310751?
431
Calculate the greatest common divisor of 143 and 168263777.
11
Calculate the highest common divisor of 16388 and 19542044.
68
Calculate the greatest common divisor of 729665 and 4335.
5
Calculate the highest common divisor of 1570404 and 3201.
33
Calculate the highest common divisor of 10441 and 2978640.
197
Calculate the greatest common factor of 28633 and 1516042.
1507
What is the highest common divisor of 3676545 and 285?
15
Calculate the highest common divisor of 41328 and 434784.
336
What is the highest common divisor of 2078780 and 60989?
859
Calculate the greatest common divisor of 94 and 117312.
94
Calculate the greatest common divisor of 1038611640 and 48.
24
Calculate the greatest common divisor of 4818049 and 524.
131
What is the highest common factor of 18457226 and 3856?
482
What is the highest common divisor of 391 and 758356?
23
Calculate the greatest common factor of 126 and 42179490.
18
What is the highest common divisor of 10769385 and 110?
55
What is the greatest common divisor of 4506 and 5718?
6
Calculate the highest common factor of 264 and 7575887.
11
Calculate the greatest common divisor of 11849208 and 112.
56
What is the highest common factor of 6184 and 862668?
3092
What is the greatest common factor of 3 and 468907?
1
Calculate the greatest common divisor of 22467736 and 32891.
1061
Calculate the highest common divisor of 234061 and 7493.
127
Calculate the greatest common divisor of 5417692 and 45967.
1069
Calculate the greatest common divisor of 95628281 and 1309.
119
What is the highest common divisor of 5220 and 205681050?
2610
Calculate the highest common factor of 116428619 and 2986.
1493
Calculate the greatest common divisor of 95304 and 37092.
132
What is the greatest common divisor of 2445 and 56415?
15
What is the greatest common factor of 21713565 and 30?
15
What is the greatest common divisor of 48 and 1625072?
16
Calculate the highest common factor of 7164796 and 597.
199
Calculate the highest common divisor of 94 and 97865797.
47
Calculate the greatest common divisor of 95 and 30106564.
19
Calculate th